Let p be 1 - i*1/(-1). Let u = -5 + p. What is the units digit of u?
4
Let v = 12 + -1. Suppose -16 = -4*y + 28. Suppose -3*d + 0*d = -2*z + v, 4*z - y = -5*d. What is the units digit of z?
4
What is the tens digit of 0 + (2250/(-6))/(-5)?
7
Let m be (0 - (2 + -1)) + 43. Suppose -3*k - h + m = 2*h, 0 = -2*k + 5*h - 7. What is the units digit of k?
9
Let i(d) = 0*d + 3 - 3*d + d. Let g be i(-5). Suppose -r = -0*r + 3*z - g, z = 3. What is the units digit of r?
4
What is the units digit of (-6)/(-4)*(2 + 116/3)?
1
Let q be (-1 - -2)/(6/24). Suppose -5*l - d - q = 0, 0*l + l + 5*d - 4 = 0. What is the units digit of (-2 - l)*2*-1?
2
Let p(q) = 18*q**2 + 2*q - 18. What is the hundreds digit of p(3)?
1
Let f(a) = -a**3 - 7*a**2 - 2*a - 9. Suppose 35 = -z - 4*z. Let w be f(z). Suppose w*j = 20 + 5. What is the units digit of j?
5
Let q be (-4 + 3)/(-1 - 0). Let u(m) be the third derivative of m**4/12 + m**3/6 + m**2. What is the units digit of u(q)?
3
Let w(b) = b**3 + 11*b**2 - 8*b - 14. What is the hundreds digit of w(-10)?
1
Suppose -2*b - 5 = -7*b. Let k = 6 - b. What is the units digit of k?
5
Let a = -139 - -271. Suppose -3*v + a = v. What is the tens digit of v?
3
Let i(c) = -c**3 - 4*c**2 - 3*c + 1. Let w be i(-3). Let j(s) = -5*s + s - w - 2*s + 4*s. What is the units digit of j(-6)?
1
Let s = -38 - -53. What is the tens digit of s?
1
Let y be 1/6 + (-295)/(-30). Let t = y - 3. What is the units digit of t?
7
Suppose -2 = -5*c + 18. Suppose -2*a + 6 = -g, a - 15 = -c*a - 2*g. Suppose a*w + 0*w - 6 = 0. What is the units digit of w?
2
Let c(h) = 18*h**2 + 3*h - 5. What is the tens digit of c(2)?
7
Let n(j) = -25*j + 1. What is the units digit of n(-1)?
6
Let p = 12 + 48. What is the tens digit of p?
6
Let v = -7 + 3. Let a be 1/(-2) - (-50)/4. What is the units digit of v*3*(-3)/a?
3
Let j be 6/(-2) - (6 + 1). Let n = -3 - j. What is the units digit of n?
7
Let x = -44 - -70. What is the units digit of x?
6
Suppose -15 = -4*h - 3. Suppose -2*v + 2 = 3*a, 3*a - 27 = -0*a + h*v. Suppose 5*g = a*g + 7. What is the units digit of g?
7
Suppose -4*s + 2*x = -3*x - 210, 2*s + 2*x - 96 = 0. What is the units digit of s?
0
Let t(f) = -f**3 - 9*f**2 - 8*f + 8. Let j be (64/(-40))/((-1)/(-5)). What is the units digit of t(j)?
8
Let f = 333 + -222. Let r = f + -78. What is the units digit of r?
3
Let i = 7 - 4. Suppose -2*t + i*t = 40. Suppose 42 = 4*n - v, -5*n + 3*v = 8*v - t. What is the tens digit of n?
1
Let q = 59 - 42. What is the tens digit of q?
1
Let t(k) = -2*k**2 - 5*k - 4. Suppose -3*h - 27 = -6. Let l(m) = m**2 + 2*m + 2. Let s(a) = h*l(a) - 4*t(a). What is the units digit of s(-6)?
2
Let j = 43 - 40. What is the units digit of j?
3
Let f(g) = g**3 - 11*g**2 + 13*g + 14. What is the units digit of f(10)?
4
Let a = -5 - -7. Let x be (-1)/(-3)*(10 + a). Suppose -3*j - 1 = -x*j. What is the units digit of j?
1
Let t be (9/(-15))/(3/(-15)). Suppose 2*f - 16 = -t*i, -f - 30 = -5*i - 5*f. What is the units digit of i?
2
What is the hundreds digit of (-18060)/(-150) - (-4)/(-10)?
1
Let t(d) = 6*d - 1. What is the units digit of t(6)?
5
Let s = 6 + 19. What is the tens digit of 20/s*9*5?
3
Suppose -13*p + 246 = -7*p. What is the units digit of p?
1
Let m(j) = 9*j + 13. What is the tens digit of m(4)?
4
Let w be 0 + 2 - -5 - 1. Suppose -w*q + 60 = -q. What is the tens digit of q?
1
Suppose 3*g = -5*z - 2*g + 160, -2*z - g = -65. What is the tens digit of z - 5/(5/(-3))?
3
Let d be -3*(4/(-6) - -1). Suppose -4*s + 44 = -0*s. Let g = d + s. What is the units digit of g?
0
Suppose 5*f - 201 = 159. What is the tens digit of f?
7
Let b(g) = g - 7. Let a be b(8). Let v = 12 - 7. Let r = v - a. What is the units digit of r?
4
Suppose -2*p - 5*x = -15, 4*p = -0*p - 4*x + 12. Suppose -5*k + p*k + 30 = 0. Suppose k + 6 = 4*h. What is the units digit of h?
3
Suppose -5*g - 143 + 28 = 0. Let q = 48 + g. What is the tens digit of q?
2
Let z be 3 - (-3 - -3) - -25. Suppose 0 = d + d - z. What is the units digit of d?
4
Let l(n) = n**2 + n + 41. What is the units digit of l(0)?
1
What is the tens digit of (5 - 721/(-21))/(4/30)?
9
Let w = 48 - 5. What is the units digit of w?
3
What is the units digit of (-14)/(-35)*110/4?
1
Suppose -304 = -4*s + 2*s. What is the units digit of s?
2
Let p(h) = h + 3. Let q be p(2). Suppose 0 = 9*a - q*a - 140. What is the units digit of a?
5
Let r = 516 - 303. What is the tens digit of r?
1
Let m = 2 - -7. Let k be (-1)/((-2)/(-3 + m)). What is the units digit of 6*k + (-6 - -8)?
0
What is the units digit of (-4)/2*2364/(-24)?
7
Suppose -3*u = 4*r - 4, u - 4*r = -3*u + 52. Suppose -2*g + u = 4*h, 0*g + 4*h - 8 = 2*g. Suppose -5*y + 25 = -g*y. What is the units digit of y?
5
Let l = 85 - 50. What is the tens digit of l?
3
Let a(p) = -p - 12. Let m be a(-9). What is the units digit of 0/(-1) + 36 + m?
3
Let i = 55 - 39. What is the tens digit of i?
1
Let o(s) = 3*s - 13. Let t(z) = 3*z + 2*z - z - 3*z - 4. Let f(k) = -3*o(k) + 8*t(k). What is the units digit of f(5)?
2
Suppose -2*q + q = -2. Suppose -3*d = q*d - 120. Suppose v + 3*v = d. What is the units digit of v?
6
Suppose -2248 - 232 = -10*p. What is the units digit of p?
8
Let q be -6*(-1)/(-6)*-2. Let c = 6 + q. What is the units digit of 7/((-42)/c)*-6?
8
Suppose 5*s - 4*s - 17 = -3*u, u = -2*s + 19. Let m(b) = -b**2 + s + 10*b - 2 + 1. What is the tens digit of m(9)?
1
Let p(g) = 2*g**2 + 2*g + 1. What is the tens digit of p(-4)?
2
Suppose -17*s + 48 = -15*s. What is the units digit of s?
4
Let r = 13 - 11. Suppose 4 = -o - 3*j, 2*o + 2 = -r*j - j. What is the units digit of o?
2
Suppose 0 = -10*n + 6 + 764. What is the units digit of n?
7
Let a be 8 - (2 - 1 - -2). Suppose -12 = 3*i + 3*n, 0 = -4*i - a*n - 15 - 4. Let m = 6 + i. What is the units digit of m?
5
What is the units digit of ((-8)/(-10))/(5/100)?
6
Let k(g) = 5 + g - 5 - 5*g + 3. What is the tens digit of k(-2)?
1
Let r be (-8)/(-2) - (-5)/(-5). Suppose o = -5*y + r*o + 257, 0 = y - 3*o - 54. What is the units digit of y?
1
Let z(q) = -q**2 + 8*q - 5. Let h be z(6). Let s(w) = -w + 12. Let x be s(h). Suppose -4*j + 5 = -x*n + 2*n, -2*n + 4*j = 10. What is the units digit of n?
5
Let a = -304 + 510. What is the tens digit of a?
0
Let i = 62 - -41. Let l = i - 71. What is the tens digit of l?
3
Let i(m) = m**2 + 10*m - 12. What is the tens digit of i(9)?
5
Let h(a) = -a**2 - 13*a + 3. Let p be h(-9). Let j = -15 + p. What is the units digit of j?
4
Let q(m) be the first derivative of -m**3/3 - m**2/2 + 18*m - 4. What is the units digit of q(0)?
8
Suppose y - 2*y - 3 = 0. Let d = 54 + y. What is the units digit of d?
1
Suppose 3*m = -1 + 88. Let q = 41 - m. What is the tens digit of q?
1
Suppose 5*k + m + 2 = 3*k, k = m + 2. Suppose 4*p = -5*w + p + 15, 0 = 2*w - 3*p - 6. Suppose k*l = w*l - 3. What is the units digit of l?
1
Let j = -13 + 16. What is the units digit of j?
3
Let d be ((-20)/(-15))/((-4)/(-6)). Let f(b) = -b**2 - b + 2*b**d - 2 + 0*b**2. What is the units digit of f(-2)?
4
Let i(t) = 19*t - 5. What is the tens digit of i(2)?
3
Suppose 6*l - 11*l + 25 = 0. What is the units digit of l?
5
Let l(t) = 10*t**2 + t + 1. Let m(a) = -a**2 - 8*a - 6. Let k be m(-7). Suppose b - k = -2. What is the tens digit of l(b)?
1
Suppose -4*y + y = -24. Suppose 3*i + 46 = 4*g, y*g - 3*g - i - 52 = 0. What is the tens digit of g?
1
Let r = -34 + 40. What is the units digit of r?
6
Suppose 5*m - m = k + 1, 4*k + 4 = 2*m. Suppose -4*y + m*y + 64 = 0. Suppose i + y = 5*i. What is the units digit of i?
4
Let l(g) = g - 7 + 6 + 2 + 3*g**2. What is the tens digit of l(-2)?
1
Suppose 8*h - 12*h + 16 = 0. Suppose 0 = -4*n + 5*n. Suppose n = q + 4, 3*x = -h*q - 2 - 2. What is the units digit of x?
4
Let i = 0 + 38. What is the units digit of i?
8
Suppose -2*t - 3*v + 8*v + 126 = 0, 5*v = t - 63. What is the tens digit of t?
6
What is the units digit of 294/4*12/7?
6
Let p(y) = 4*y**3 + 3*y**2 - 2*y + 2. What is the units digit of p(2)?
2
Let r(c) be the first derivative of 17*c**3/3 + c**2/2 - c + 20. Let f(u) = u**3 + 7*u**2 + 1. Let a be f(-7). What is the units digit of r(a)?
7
Let v(r) = 31*r. Let n be v(1). Suppose -6 - 57 = 3*x. Let o = n + x. What is the tens digit of o?
1
Let x(k) = -2*k**3 + 2*k + 3. Let h(s) = -